remainder when r is divided by u?
26
Calculate the remainder when 208 is divided by 3/(-1 - (-300)/291).
14
Let o be 3/(-2)*(-4)/(-24)*-8. What is the remainder when 58 is divided by 34/o - (-21 + 21)?
7
Suppose 0 = -2*v + 3*k + 177, 6 + 90 = v - 4*k. Suppose -3*h - 16 = 5*h. Let g(y) = 6*y**2 + 4*y + 6. Calculate the remainder when v is divided by g(h).
18
Let d(u) = 5*u**3 + 3*u**2 - 23*u + 42. What is the remainder when d(2) is divided by 39?
9
Let x = 39 + -36. What is the remainder when -42*(x/(-6) + -1) is divided by 2*1*(9 - 1)?
15
Suppose -4 = -4*v - 5*y, 3*y + 20 = -2*y. What is the remainder when 44 is divided by v?
2
Suppose 3*k = -7*k + 710. Let r = -37 + k. What is the remainder when 133 is divided by r?
31
Let a(f) = 5*f + 372. Calculate the remainder when a(-59) is divided by 28.
21
Let j = -84 + 312. What is the remainder when j is divided by 47?
40
What is the remainder when 49 is divided by 160/20 + 3/(-12)*-4?
4
Suppose s = -0*s + 25. Let z(g) = -g**3 - 15*g**2 + 27*g - 48. What is the remainder when z(-17) is divided by s?
21
Suppose 0 = 4*f - 14 + 2. Suppose f*u - 21 = 42. Calculate the remainder when -1 - (-35 - 3 - 3) is divided by u.
19
Let z be 847/22 - (-1)/(-2). Let n(d) = -14*d**2 + 1. Let c be n(-1). Let k = z + c. What is the remainder when k is divided by 13?
12
Let h(c) = -6*c**3 - 4*c**2 + 2*c + 4. What is the remainder when 125 is divided by h(-2)?
29
Let q = -7 + 9. Suppose q*l - 26 = 14. Suppose 2*i = -0*i + l. Calculate the remainder when 37 is divided by i.
7
Let l = -152 - -156. Calculate the remainder when 7380/66 - l/(-22) is divided by ((-1)/1)/((-1)/19).
17
Suppose 4*r + i - 216 = 246, 2*r - 2*i - 236 = 0. What is the remainder when r is divided by 59?
57
Let f(a) = 7*a**2 - 2*a + 2. Let x be f(1). Let t = 14 - x. What is the remainder when t is divided by 2?
1
Let h(o) be the third derivative of -1/120*o**6 + 5/24*o**4 + 0 - 2*o**3 - 3*o**2 - 3/20*o**5 + 0*o. What is the remainder when h(-10) is divided by 10?
8
Let c(u) = 4*u - 5. Let s be c(2). Let n be 2 + s/1 + 33. What is the remainder when 31 is divided by n/4 - (-9)/(-6)?
7
Let h(c) = 4*c**3 - 7*c**2 - 10*c - 1. Let d be (6/(-4))/((-3)/8). Suppose 18 = -d*l + 118. What is the remainder when l is divided by h(3)?
11
Suppose -71*t - 2056 + 14694 = 0. Calculate the remainder when t is divided by 5.
3
Suppose -4*t + 87 = 5*m - 123, -4*m + 174 = 2*t. Calculate the remainder when m is divided by (-98)/(-4) + (-3)/6.
22
Let o = -72 - 80. Let n = -74 - o. Calculate the remainder when n is divided by (9/6)/((-6)/(-64)).
14
Suppose 215 = -4*q + 303. Calculate the remainder when q is divided by 10.
2
Let p = 29 + -19. Let g = 5 + p. What is the remainder when g is divided by 9?
6
Suppose 0 = -3*k + 140 + 16. Suppose 0 = -2*w - 0*w + k. What is the remainder when 102 is divided by w?
24
Let h(m) = m**3 + 9*m**2 - 13*m + 3. Suppose 19*u - 14*u - 465 = 0. Calculate the remainder when u is divided by h(-10).
27
Suppose -5*k = 2*y - 7*y + 5, -3*k = 3*y - 9. What is the remainder when 5 is divided by y?
1
Let c = -338 - -353. What is the remainder when 85 is divided by c?
10
Let g be -50*(-4)/(-6)*3. Let s = -25 - g. Calculate the remainder when s is divided by 19.
18
Suppose d + 2*k - 104 = 0, 0 = -10*k + 11*k + 1. Suppose q - 5*q = 8, 114 = -4*f + 5*q. Let j = d + f. Calculate the remainder when j is divided by 26.
23
Let a(y) = -y**3 + 8*y**2 + 47*y - 361. Let d(b) = 73*b**2 - b. What is the remainder when d(1) is divided by a(8)?
12
Suppose 0 = -f + 43 - 5. Let x = -9 - -11. Let a = f + x. Calculate the remainder when a is divided by 11.
7
Suppose -38*n + 213 = -35*n. Suppose -5 = -o + p + 12, 4*o - n = p. Calculate the remainder when 31 is divided by o.
13
Suppose 149 = 9*a + 95. What is the remainder when 12 is divided by a?
0
Let j be (-3)/((-90)/(-672))*15/2. Let t = 278 + j. Calculate the remainder when t is divided by 38.
34
Suppose -142 = -4*t - 2*g, -86*g + 22 = t - 90*g. Calculate the remainder when 64 is divided by t.
30
Let n(c) = -c + 9. Let g be n(3). What is the remainder when 28 is divided by (-370)/(-22) + (g/33 - 0)?
11
Let v(f) be the second derivative of -f**4/12 + 2*f**3 - 5*f**2/2 + 11*f. What is the remainder when 44 is divided by v(10)?
14
Let v be (-1 - (5 - 0))/(0 - 2). Let w = 1 - -13. What is the remainder when v/(-6)*-2*(55 - 1) is divided by w?
12
Let f = -104 - -107. Suppose f*q - 5*q + 158 = 0. Calculate the remainder when q is divided by 20.
19
Let b = 67 + -143. Let m = -47 - b. What is the remainder when 57 is divided by m?
28
Suppose 10*q - 34 + 4 = 0. Let j = -9 + 14. Suppose -q*n = 3*r - 49 - 23, 3*n = -j*r + 126. Calculate the remainder when 80 is divided by r.
26
Suppose 3*q - 781 = -8*q. Calculate the remainder when q is divided by 22.
5
Suppose 43 = 4*c - 13. Calculate the remainder when 138 is divided by c.
12
Let z(o) = -6*o + 138. Let i be z(22). Let d = 110 + -74. Let j = d - i. Calculate the remainder when j is divided by 16.
14
Suppose -5*i + 125 - 140 = 0, -2077 = -5*q + 4*i. Calculate the remainder when q is divided by 113.
74
Let s(n) = 4*n**2 + 2*n + 6. Let y be 9/(-12) - (-92)/16. Suppose 0 = -y*f + 24 + 81. What is the remainder when s(-4) is divided by f?
20
Let l(d) = d**3 + 3*d**2 - 5*d - 3. Suppose -108 = 4*s - 3*a, -3*s - 80 + 4 = -a. Let q = 9 - s. Calculate the remainder when q is divided by l(-3).
9
Let t(n) = -3*n + 1. Let u be t(-2). Let r(m) = -m**2 + m + u - 7 + 0 + 10. What is the remainder when r(0) is divided by 6?
4
Suppose 0 = -3*h - d + 2 - 0, -4*h + 3*d = 6. Suppose h*t - 4*t - 5*j = 37, -j = -t + 2. Calculate the remainder when 39/((-4)/(16/t)) is divided by 18.
16
Let c = 81 - 75. Suppose -5*t = -2*b - 3*t + 24, 0 = 4*b + 4*t - 64. What is the remainder when 492/(-8)*c/(-9) is divided by b?
13
Suppose 8 = 2*w + 4*h, 5*h - 3 = 2*w - w. Suppose -6*v - 3*l = -3*v - 6, 2*l = v - 11. What is the remainder when v is divided by w?
1
Let m(q) = 17*q + 2. Let p(i) = -17*i - 3. Let w(a) = 5*m(a) + 6*p(a). Calculate the remainder when w(-2) is divided by (1 + 1/(-2))*14.
5
Suppose 4 = 4*s - 0, 5*k - s = 1409. Suppose -22*f + k = -16*f. What is the remainder when f is divided by 19?
9
Let w(x) = -2*x**2 + 10*x - 6. Let d be w(6). Let s = -15 + d. Calculate the remainder when s/(1*(1 + -2)) is divided by 17.
16
Let f = 1203 + -1119. What is the remainder when f is divided by 18?
12
Let f(u) be the second derivative of -u**5/20 + 7*u**4/12 + 17*u**2/2 + 9*u. What is the remainder when 66 is divided by f(7)?
15
Suppose k - x = 32, k + 3*x - 44 = -2*x. Suppose -3*v + v = -k. Let a = -38 + 49. What is the remainder when v is divided by a?
6
Let n(c) be the first derivative of -8*c**2 - c - 9. Calculate the remainder when 73 is divided by n(-1).
13
Let k = 1704 + -1696. Calculate the remainder when 229 is divided by k.
5
Suppose 0 = -5*t + 7*t + 14. Calculate the remainder when (t + 1)/3 - -36 is divided by 12.
10
Suppose 3*m + 2 = -7, -3*z + 4*m + 63 = 0. Suppose -21*c = -z*c - 236. What is the remainder when c is divided by 31?
28
What is the remainder when (-13)/(260/(-24))*290 is divided by 174?
0
Suppose -4*y = -0*y - 12. Calculate the remainder when 29 is divided by (-3)/(((-27)/48)/y).
13
Calculate the remainder when 3 + (-13)/4 - (-237)/4 is divided by 41.
18
Let j = -315 - -328. Calculate the remainder when 1039 is divided by j.
12
Suppose 2*z + 4*f = 240, 3*f + 78 = 2*z - 190. What is the remainder when z is divided by 9?
2
Let x(g) = -g**3 - 28*g**2 - 28*g - 23. Let v be x(-27). Suppose -a = h - 10, 0 = 3*a - 7*a + v*h + 40. What is the remainder when 17 is divided by a?
7
Suppose 3*b = -3*b + 270. Suppose 7*z - 143 + b = 0. Calculate the remainder when 37 is divided by z.
9
Let c(k) = -k**3 - 15*k**2 + 26. What is the remainder when c(-15) is divided by 4?
2
Suppose 20 = w + 2. Let j(h) = 2*h**3 + 17*h**2 + 15*h + 5. What is the remainder when j(-7) is divided by w?
11
Suppose -i = i + 4*s - 40, -3*i = -3*s - 33. What is the remainder when 138 is divided by i?
12
Let u = -65 - -39. What is the remainder when (u + 27)/((-2)/(-92)) is divided by 10?
6
Suppose 4*q + 5 = 3*d, 10*q - 8*q - 11 = -3*d. Suppose n - 102 = -2*u, 0 = -d*n - n + 8. What is the remainder when 144 is divided by u?
